{"id":2820,"date":"2023-12-06T18:45:34","date_gmt":"2023-12-06T18:45:34","guid":{"rendered":"https:\/\/erbaria.mx\/?post_type=product&#038;p=2820"},"modified":"2023-12-06T19:46:44","modified_gmt":"2023-12-06T19:46:44","slug":"crema-facial","status":"publish","type":"product","link":"https:\/\/erbaria.mx\/index.php\/product\/crema-facial\/","title":{"rendered":"Crema Facial 50ml"},"content":{"rendered":"","protected":false},"excerpt":{"rendered":"<p>Crema de uso diario, ligera y de r\u00e1pida absorci\u00f3n formulada con aceites de alto poder antioxidante y nutritivo que dan una hidrataci\u00f3n y humectaci\u00f3n duradera.<span class=\"Apple-converted-space\">\u00a0 <\/span>Enriquecida con potentes activos anti-edad y anti-irritantes que reestablecen la barrera cut\u00e1nea evitando la p\u00e9rdida de agua, atenuando las l\u00edneas de expresi\u00f3n y reafirmando la piel del rostro. Ideal para corregir los primeros signos de la edad, mantener el cutis terso y prevenir formaci\u00f3n de arrugas. Libre de fragancia. <span class=\"Apple-converted-space\">\u00a0<\/span><\/p>\n<p><strong>Humecta \u00a0| \u00a0 Reestructura la piel \u00a0 | \u00a0 Combate el envejecimiento \u00a0| \u00a0 Anti-irritante<\/strong><\/p>\n<p>100% de ingredientes naturales de los cuales 81.2% cuenta con certificaci\u00f3n sustentable.<\/p>\n<p>Contiene los beneficios de 49 ml de Jugo de S\u00e1bila (98%).<\/p>\n","protected":false},"featured_media":0,"comment_status":"closed","ping_status":"closed","template":"","meta":[],"product_cat":[51],"product_tag":[],"_links":{"self":[{"href":"https:\/\/erbaria.mx\/index.php\/wp-json\/wp\/v2\/product\/2820"}],"collection":[{"href":"https:\/\/erbaria.mx\/index.php\/wp-json\/wp\/v2\/product"}],"about":[{"href":"https:\/\/erbaria.mx\/index.php\/wp-json\/wp\/v2\/types\/product"}],"replies":[{"embeddable":true,"href":"https:\/\/erbaria.mx\/index.php\/wp-json\/wp\/v2\/comments?post=2820"}],"wp:attachment":[{"href":"https:\/\/erbaria.mx\/index.php\/wp-json\/wp\/v2\/media?parent=2820"}],"wp:term":[{"taxonomy":"product_cat","embeddable":true,"href":"https:\/\/erbaria.mx\/index.php\/wp-json\/wp\/v2\/product_cat?post=2820"},{"taxonomy":"product_tag","embeddable":true,"href":"https:\/\/erbaria.mx\/index.php\/wp-json\/wp\/v2\/product_tag?post=2820"}],"curies":[{"name":"wp","href":"https:\/\/api.w.org\/{rel}","templated":true}]}}