{"id":2822,"date":"2023-12-06T19:18:52","date_gmt":"2023-12-06T19:18:52","guid":{"rendered":"https:\/\/erbaria.mx\/?post_type=product&#038;p=2822"},"modified":"2023-12-06T19:36:03","modified_gmt":"2023-12-06T19:36:03","slug":"exfoliante-corporal","status":"publish","type":"product","link":"https:\/\/erbaria.mx\/index.php\/product\/exfoliante-corporal\/","title":{"rendered":"Exfoliante Corporal 230ml"},"content":{"rendered":"","protected":false},"excerpt":{"rendered":"<p>Exfoliante nutritivo cuya principal funci\u00f3n es acelerar la eliminaci\u00f3n de las capas externas de la dermis, llev\u00e1ndose la suciedad ocluida, las c\u00e9lulas muertas sin irritarla y manteni\u00e9ndola humectada.<span class=\"Apple-converted-space\">\u00a0 <\/span>El resultado es una piel limpia, suave y humectada. Ideal para todo tipo de piel.<\/p>\n<p><strong>Elimina c\u00e9lulas muertas \u00a0 | \u00a0 Humecta \u00a0 | \u00a0 Anti-irrita<\/strong><\/p>\n<p>99.5% de ingredientes naturales de los cuales 75.9% cuenta con certificaci\u00f3n sustentable.<\/p>\n<p>Contiene los beneficios de 185 ml de Jugo de S\u00e1bila (80%).<\/p>\n","protected":false},"featured_media":0,"comment_status":"closed","ping_status":"closed","template":"","meta":[],"product_cat":[51],"product_tag":[],"_links":{"self":[{"href":"https:\/\/erbaria.mx\/index.php\/wp-json\/wp\/v2\/product\/2822"}],"collection":[{"href":"https:\/\/erbaria.mx\/index.php\/wp-json\/wp\/v2\/product"}],"about":[{"href":"https:\/\/erbaria.mx\/index.php\/wp-json\/wp\/v2\/types\/product"}],"replies":[{"embeddable":true,"href":"https:\/\/erbaria.mx\/index.php\/wp-json\/wp\/v2\/comments?post=2822"}],"wp:attachment":[{"href":"https:\/\/erbaria.mx\/index.php\/wp-json\/wp\/v2\/media?parent=2822"}],"wp:term":[{"taxonomy":"product_cat","embeddable":true,"href":"https:\/\/erbaria.mx\/index.php\/wp-json\/wp\/v2\/product_cat?post=2822"},{"taxonomy":"product_tag","embeddable":true,"href":"https:\/\/erbaria.mx\/index.php\/wp-json\/wp\/v2\/product_tag?post=2822"}],"curies":[{"name":"wp","href":"https:\/\/api.w.org\/{rel}","templated":true}]}}